[INFO] cloning repository https://github.com/finnkauski/rust-nlp-app
[INFO] running `Command { std: "git" "-c" "credential.helper=" "-c" "credential.helper=/workspace/cargo-home/bin/git-credential-null" "clone" "--bare" "https://github.com/finnkauski/rust-nlp-app" "/workspace/cache/git-repos/https%3A%2F%2Fgithub.com%2Ffinnkauski%2Frust-nlp-app", kill_on_drop: false }`
[INFO] [stderr] Cloning into bare repository '/workspace/cache/git-repos/https%3A%2F%2Fgithub.com%2Ffinnkauski%2Frust-nlp-app'...
[INFO] running `Command { std: "git" "rev-parse" "HEAD", kill_on_drop: false }`
[INFO] [stdout] 37438704043f84603ab382d257a8f490c6c74e4c
[INFO] checking finnkauski/rust-nlp-app against master#af3c6e733a40e671550e0f0f5aeecaa13772ba56 for pr-74989
[INFO] running `Command { std: "git" "clone" "/workspace/cache/git-repos/https%3A%2F%2Fgithub.com%2Ffinnkauski%2Frust-nlp-app" "/workspace/builds/worker-4/source", kill_on_drop: false }`
[INFO] [stderr] Cloning into '/workspace/builds/worker-4/source'...
[INFO] [stderr] done.
[INFO] validating manifest of git repo https://github.com/finnkauski/rust-nlp-app on toolchain af3c6e733a40e671550e0f0f5aeecaa13772ba56
[INFO] running `Command { std: "/workspace/cargo-home/bin/cargo" "+af3c6e733a40e671550e0f0f5aeecaa13772ba56" "read-manifest" "--manifest-path" "Cargo.toml", kill_on_drop: false }`
[INFO] started tweaking git repo https://github.com/finnkauski/rust-nlp-app
[INFO] finished tweaking git repo https://github.com/finnkauski/rust-nlp-app
[INFO] tweaked toml for git repo https://github.com/finnkauski/rust-nlp-app written to /workspace/builds/worker-4/source/Cargo.toml
[INFO] crate git repo https://github.com/finnkauski/rust-nlp-app already has a lockfile, it will not be regenerated
[INFO] running `Command { std: "/workspace/cargo-home/bin/cargo" "+af3c6e733a40e671550e0f0f5aeecaa13772ba56" "fetch" "--locked" "--manifest-path" "Cargo.toml", kill_on_drop: false }`
[INFO] running `Command { std: "docker" "create" "-v" "/var/lib/crater-agent-workspace/builds/worker-4/target:/opt/rustwide/target:rw,Z" "-v" "/var/lib/crater-agent-workspace/builds/worker-4/source:/opt/rustwide/workdir:ro,Z" "-v" "/var/lib/crater-agent-workspace/cargo-home:/opt/rustwide/cargo-home:ro,Z" "-v" "/var/lib/crater-agent-workspace/rustup-home:/opt/rustwide/rustup-home:ro,Z" "-e" "SOURCE_DIR=/opt/rustwide/workdir" "-e" "CARGO_TARGET_DIR=/opt/rustwide/target" "-e" "CARGO_HOME=/opt/rustwide/cargo-home" "-e" "RUSTUP_HOME=/opt/rustwide/rustup-home" "-w" "/opt/rustwide/workdir" "-m" "1610612736" "--user" "0:0" "--network" "none" "rustops/crates-build-env@sha256:d92eaeed33fa75130ca1ee6c8a01d1ffb62bac859dfdfb3450e3e5d1c0146529" "/opt/rustwide/cargo-home/bin/cargo" "+af3c6e733a40e671550e0f0f5aeecaa13772ba56" "metadata" "--no-deps" "--format-version=1", kill_on_drop: false }`
[INFO] [stdout] 43f908abef620a671096d21cdd2a6ea38ab42787527b1b9e990a8e194e8d6ae1
[INFO] [stderr] WARNING: Your kernel does not support swap limit capabilities or the cgroup is not mounted. Memory limited without swap.
[INFO] running `Command { std: "docker" "start" "-a" "43f908abef620a671096d21cdd2a6ea38ab42787527b1b9e990a8e194e8d6ae1", kill_on_drop: false }`
[INFO] running `Command { std: "docker" "inspect" "43f908abef620a671096d21cdd2a6ea38ab42787527b1b9e990a8e194e8d6ae1", kill_on_drop: false }`
[INFO] running `Command { std: "docker" "rm" "-f" "43f908abef620a671096d21cdd2a6ea38ab42787527b1b9e990a8e194e8d6ae1", kill_on_drop: false }`
[INFO] [stdout] 43f908abef620a671096d21cdd2a6ea38ab42787527b1b9e990a8e194e8d6ae1
[INFO] running `Command { std: "docker" "create" "-v" "/var/lib/crater-agent-workspace/builds/worker-4/target:/opt/rustwide/target:rw,Z" "-v" "/var/lib/crater-agent-workspace/builds/worker-4/source:/opt/rustwide/workdir:ro,Z" "-v" "/var/lib/crater-agent-workspace/cargo-home:/opt/rustwide/cargo-home:ro,Z" "-v" "/var/lib/crater-agent-workspace/rustup-home:/opt/rustwide/rustup-home:ro,Z" "-e" "SOURCE_DIR=/opt/rustwide/workdir" "-e" "CARGO_TARGET_DIR=/opt/rustwide/target" "-e" "CARGO_INCREMENTAL=0" "-e" "RUST_BACKTRACE=full" "-e" "RUSTFLAGS=--cap-lints=forbid" "-e" "CARGO_HOME=/opt/rustwide/cargo-home" "-e" "RUSTUP_HOME=/opt/rustwide/rustup-home" "-w" "/opt/rustwide/workdir" "-m" "1610612736" "--user" "0:0" "--network" "none" "rustops/crates-build-env@sha256:d92eaeed33fa75130ca1ee6c8a01d1ffb62bac859dfdfb3450e3e5d1c0146529" "/opt/rustwide/cargo-home/bin/cargo" "+af3c6e733a40e671550e0f0f5aeecaa13772ba56" "check" "--frozen" "--all" "--all-targets" "--message-format=json", kill_on_drop: false }`
[INFO] [stderr] WARNING: Your kernel does not support swap limit capabilities or the cgroup is not mounted. Memory limited without swap.
[INFO] [stdout] 90305e466bad2a8e48a738a71fb71e7c4f02000604b755c0508a77e8ac8c3551
[INFO] running `Command { std: "docker" "start" "-a" "90305e466bad2a8e48a738a71fb71e7c4f02000604b755c0508a77e8ac8c3551", kill_on_drop: false }`
[INFO] [stderr]     Blocking waiting for file lock on package cache
[INFO] [stderr]    Compiling libc v0.2.73
[INFO] [stderr]    Compiling autocfg v1.0.0
[INFO] [stderr]    Compiling proc-macro2 v1.0.19
[INFO] [stderr]    Compiling unicode-xid v0.2.1
[INFO] [stderr]    Compiling syn v1.0.36
[INFO] [stderr]     Checking cfg-if v0.1.10
[INFO] [stderr]     Checking lazy_static v1.4.0
[INFO] [stderr]    Compiling memchr v2.3.3
[INFO] [stderr]    Compiling pkg-config v0.3.18
[INFO] [stderr]    Compiling log v0.4.11
[INFO] [stderr]     Checking slab v0.4.2
[INFO] [stderr]     Checking futures-core v0.3.5
[INFO] [stderr]     Checking bytes v0.5.6
[INFO] [stderr]     Checking futures-sink v0.3.5
[INFO] [stderr]     Checking fnv v1.0.7
[INFO] [stderr]    Compiling pin-project-internal v0.4.23
[INFO] [stderr]    Compiling proc-macro-nested v0.1.6
[INFO] [stderr]     Checking arc-swap v0.4.7
[INFO] [stderr]     Checking once_cell v1.4.0
[INFO] [stderr]     Checking pin-project-lite v0.1.7
[INFO] [stderr]    Compiling proc-macro-hack v0.5.18
[INFO] [stderr]     Checking futures-io v0.3.5
[INFO] [stderr]     Checking pin-utils v0.1.0
[INFO] [stderr]     Checking scopeguard v1.1.0
[INFO] [stderr]     Checking smallvec v1.4.1
[INFO] [stderr]    Compiling bitflags v1.2.1
[INFO] [stderr]    Compiling crc32fast v1.2.0
[INFO] [stderr]    Compiling failure_derive v0.1.8
[INFO] [stderr]    Compiling serde_derive v1.0.114
[INFO] [stderr]    Compiling serde v1.0.114
[INFO] [stderr]    Compiling getrandom v0.1.14
[INFO] [stderr]     Checking adler v0.2.3
[INFO] [stderr]     Checking tinyvec v0.3.3
[INFO] [stderr]     Checking either v1.5.3
[INFO] [stderr]     Checking matches v0.1.8
[INFO] [stderr]     Checking instant v0.1.6
[INFO] [stderr]    Compiling byteorder v1.3.4
[INFO] [stderr]     Checking gimli v0.22.0
[INFO] [stderr]     Checking rand_core v0.4.2
[INFO] [stderr]     Checking percent-encoding v2.1.0
[INFO] [stderr]    Compiling autocfg v0.1.7
[INFO] [stderr]     Checking rustc-demangle v0.1.16
[INFO] [stderr]     Checking ppv-lite86 v0.2.8
[INFO] [stderr]     Checking object v0.20.0
[INFO] [stderr]     Checking copyless v0.1.5
[INFO] [stderr]    Compiling version_check v0.9.2
[INFO] [stderr]    Compiling httparse v1.3.4
[INFO] [stderr]    Compiling ryu v1.0.5
[INFO] [stderr]     Checking quick-error v1.2.3
[INFO] [stderr]    Compiling unicode-segmentation v1.6.0
[INFO] [stderr]     Checking regex-syntax v0.6.18
[INFO] [stderr]    Compiling maybe-uninit v2.0.0
[INFO] [stderr]     Checking match_cfg v0.1.0
[INFO] [stderr]    Compiling encoding_rs v0.8.23
[INFO] [stderr]    Compiling serde_json v1.0.57
[INFO] [stderr]     Checking foreign-types-shared v0.1.1
[INFO] [stderr]    Compiling openssl v0.10.30
[INFO] [stderr]    Compiling version_check v0.1.5
[INFO] [stderr]     Checking linked-hash-map v0.5.3
[INFO] [stderr]     Checking dtoa v0.4.6
[INFO] [stderr]     Checking mime v0.3.16
[INFO] [stderr]    Compiling curl v0.4.31
[INFO] [stderr]    Compiling openssl-probe v0.1.2
[INFO] [stderr]    Compiling native-tls v0.2.4
[INFO] [stderr]    Compiling podio v0.1.7
[INFO] [stderr]    Compiling protobuf v2.14.0
[INFO] [stderr]     Checking language-tags v0.2.2
[INFO] [stderr]     Checking base64 v0.11.0
[INFO] [stderr]    Compiling ndarray v0.13.1
[INFO] [stderr]     Checking tower-service v0.3.0
[INFO] [stderr]     Checking sha1 v0.6.0
[INFO] [stderr]    Compiling rust_tokenizers v3.1.6
[INFO] [stderr]     Checking ipnet v2.3.0
[INFO] [stderr]     Checking termcolor v1.1.0
[INFO] [stderr]    Compiling brotli-sys v0.3.2
[INFO] [stderr]    Compiling cmake v0.1.44
[INFO] [stderr]     Checking tracing-core v0.1.11
[INFO] [stderr]     Checking thread_local v1.0.1
[INFO] [stderr]     Checking futures-channel v0.3.5
[INFO] [stderr]     Checking futures-task v0.3.5
[INFO] [stderr]     Checking lock_api v0.4.1
[INFO] [stderr]     Checking unicode-normalization-alignments v0.1.12
[INFO] [stderr]     Checking miniz_oxide v0.4.0
[INFO] [stderr]     Checking unicode-bidi v0.3.4
[INFO] [stderr]     Checking http v0.2.1
[INFO] [stderr]     Checking bytestring v0.1.5
[INFO] [stderr]    Compiling num-traits v0.2.12
[INFO] [stderr]    Compiling hashbrown v0.8.1
[INFO] [stderr]    Compiling indexmap v1.5.0
[INFO] [stderr]    Compiling num-integer v0.1.43
[INFO] [stderr]    Compiling crossbeam-utils v0.7.2
[INFO] [stderr]    Compiling memoffset v0.5.5
[INFO] [stderr]    Compiling crossbeam-epoch v0.8.2
[INFO] [stderr]    Compiling num-complex v0.2.4
[INFO] [stderr]    Compiling rayon v1.3.1
[INFO] [stderr]    Compiling hashbrown v0.7.2
[INFO] [stderr]     Checking itertools v0.8.2
[INFO] [stderr]     Checking itertools v0.9.0
[INFO] [stderr]     Checking rand_core v0.3.1
[INFO] [stderr]     Checking rand_jitter v0.1.4
[INFO] [stderr]     Checking unicode-normalization v0.1.13
[INFO] [stderr]    Compiling openssl-sys v0.9.58
[INFO] [stderr]    Compiling bzip2-sys v0.1.9+1.0.8
[INFO] [stderr]    Compiling libz-sys v1.0.25
[INFO] [stderr]    Compiling curl-sys v0.4.33+curl-7.71.1
[INFO] [stderr]     Checking humantime v1.3.0
[INFO] [stderr]     Checking foreign-types v0.3.2
[INFO] [stderr]    Compiling rand_chacha v0.1.1
[INFO] [stderr]    Compiling rand_pcg v0.1.2
[INFO] [stderr]    Compiling rand v0.6.5
[INFO] [stderr]    Compiling heck v0.3.1
[INFO] [stderr]    Compiling unicase v2.6.0
[INFO] [stderr]     Checking lru-cache v0.1.2
[INFO] [stderr]    Compiling nom v4.2.3
[INFO] [stderr]     Checking rand_hc v0.1.0
[INFO] [stderr]     Checking rand_xorshift v0.1.1
[INFO] [stderr]     Checking rand_isaac v0.1.1
[INFO] [stderr]     Checking idna v0.2.0
[INFO] [stderr]     Checking addr2line v0.13.0
[INFO] [stderr]     Checking tracing v0.1.17
[INFO] [stderr]     Checking want v0.3.0
[INFO] [stderr]     Checking aho-corasick v0.7.13
[INFO] [stderr]     Checking csv-core v0.1.10
[INFO] [stderr]    Compiling quote v1.0.7
[INFO] [stderr]     Checking http-body v0.3.1
[INFO] [stderr]     Checking num_cpus v1.13.0
[INFO] [stderr]     Checking net2 v0.2.34
[INFO] [stderr]     Checking iovec v0.1.4
[INFO] [stderr]     Checking signal-hook-registry v1.2.0
[INFO] [stderr]     Checking socket2 v0.3.12
[INFO] [stderr]     Checking parking_lot_core v0.8.0
[INFO] [stderr]     Checking time v0.1.43
[INFO] [stderr]     Checking hostname v0.3.1
[INFO] [stderr]     Checking flate2 v1.0.16
[INFO] [stderr]     Checking rand_os v0.1.3
[INFO] [stderr]     Checking dirs-sys v0.3.5
[INFO] [stderr]     Checking atty v0.2.14
[INFO] [stderr]     Checking fxhash v0.2.1
[INFO] [stderr]     Checking regex-automata v0.1.9
[INFO] [stderr]     Checking backtrace v0.3.50
[INFO] [stderr]     Checking url v2.1.1
[INFO] [stderr]     Checking crossbeam-queue v0.2.3
[INFO] [stderr]     Checking threadpool v1.8.1
[INFO] [stderr]     Checking rand_core v0.5.1
[INFO] [stderr]     Checking mio v0.6.22
[INFO] [stderr]     Checking resolv-conf v0.6.3
[INFO] [stderr]     Checking parking_lot v0.11.0
[INFO] [stderr]     Checking dirs v3.0.1
[INFO] [stderr]     Checking regex v1.3.9
[INFO] [stderr]     Checking ordered-float v2.0.0
[INFO] [stderr]    Compiling bzip2 v0.3.3
[INFO] [stderr]    Compiling mime_guess v2.0.3
[INFO] [stderr]     Checking crossbeam-deque v0.7.3
[INFO] [stderr]     Checking rand_chacha v0.2.2
[INFO] [stderr]     Checking chrono v0.4.13
[INFO] [stderr]    Compiling zip v0.5.6
[INFO] [stderr]     Checking mio-uds v0.6.8
[INFO] [stderr]     Checking rand v0.7.3
[INFO] [stderr]     Checking rayon-core v1.7.1
[INFO] [stderr]     Checking env_logger v0.7.1
[INFO] [stderr]     Checking brotli2 v0.3.2
[INFO] [stderr]     Checking uuid v0.8.1
[INFO] [stderr]    Compiling synstructure v0.12.4
[INFO] [stderr]    Compiling tokio-macros v0.2.5
[INFO] [stderr]    Compiling futures-macro v0.3.5
[INFO] [stderr]    Compiling derive_more v0.99.9
[INFO] [stderr]    Compiling actix-macros v0.1.2
[INFO] [stderr]    Compiling async-trait v0.1.36
[INFO] [stderr]    Compiling enum-as-inner v0.3.2
[INFO] [stderr]    Compiling v_escape_derive v0.5.6
[INFO] [stderr]    Compiling actix-web-codegen v0.2.2
[INFO] [stderr]     Checking tokio v0.2.22
[INFO] [stderr]     Checking failure v0.1.8
[INFO] [stderr]     Checking v_escape v0.7.4
[INFO] [stderr]     Checking v_htmlescape v0.4.5
[INFO] [stderr]    Compiling torch-sys v0.1.7
[INFO] [stderr]     Checking pin-project v0.4.23
[INFO] [stderr]     Checking futures-util v0.3.5
[INFO] [stderr] error: failed to run custom build command for `torch-sys v0.1.7`
[INFO] [stderr] 
[INFO] [stderr] Caused by:
[INFO] [stderr]   process didn't exit successfully: `/opt/rustwide/target/debug/build/torch-sys-a5245cad41ca2416/build-script-build` (exit code: 101)
[INFO] [stderr]   --- stderr
[INFO] [stderr]   thread 'main' panicked at 'called `Result::unwrap()` on an `Err` value: Error { description: "Couldn\'t resolve host name", code: 6, extra: None }
[INFO] [stderr] 
[INFO] [stderr]      0: failure::backtrace::internal::InternalBacktrace::new
[INFO] [stderr]                at /opt/rustwide/cargo-home/registry/src/github.com-1ecc6299db9ec823/failure-0.1.8/src/backtrace/internal.rs:46
[INFO] [stderr]      1: failure::backtrace::Backtrace::new
[INFO] [stderr]                at /opt/rustwide/cargo-home/registry/src/github.com-1ecc6299db9ec823/failure-0.1.8/src/backtrace/mod.rs:121
[INFO] [stderr]      2: <failure::error::error_impl::ErrorImpl as core::convert::From<F>>::from
[INFO] [stderr]                at /opt/rustwide/cargo-home/registry/src/github.com-1ecc6299db9ec823/failure-0.1.8/src/error/error_impl.rs:19
[INFO] [stderr]      3: <failure::error::Error as core::convert::From<F>>::from
[INFO] [stderr]                at /opt/rustwide/cargo-home/registry/src/github.com-1ecc6299db9ec823/failure-0.1.8/src/error/mod.rs:36
[INFO] [stderr]      4: build_script_build::download
[INFO] [stderr]                at build.rs:30
[INFO] [stderr]      5: build_script_build::prepare_libtorch_dir
[INFO] [stderr]                at build.rs:117
[INFO] [stderr]      6: build_script_build::main
[INFO] [stderr]                at build.rs:182
[INFO] [stderr]      7: core::ops::function::FnOnce::call_once
[INFO] [stderr]                at /rustc/af3c6e733a40e671550e0f0f5aeecaa13772ba56/library/core/src/ops/function.rs:227
[INFO] [stderr]      8: std::sys_common::backtrace::__rust_begin_short_backtrace
[INFO] [stderr]                at /rustc/af3c6e733a40e671550e0f0f5aeecaa13772ba56/library/std/src/sys_common/backtrace.rs:137
[INFO] [stderr]      9: std::rt::lang_start::{{closure}}
[INFO] [stderr]                at /rustc/af3c6e733a40e671550e0f0f5aeecaa13772ba56/library/std/src/rt.rs:66
[INFO] [stderr]     10: core::ops::function::impls::<impl core::ops::function::FnOnce<A> for &F>::call_once
[INFO] [stderr]                at /rustc/af3c6e733a40e671550e0f0f5aeecaa13772ba56/library/core/src/ops/function.rs:259
[INFO] [stderr]         std::panicking::try::do_call
[INFO] [stderr]                at /rustc/af3c6e733a40e671550e0f0f5aeecaa13772ba56/library/std/src/panicking.rs:381
[INFO] [stderr]         std::panicking::try
[INFO] [stderr]                at /rustc/af3c6e733a40e671550e0f0f5aeecaa13772ba56/library/std/src/panicking.rs:345
[INFO] [stderr]         std::panic::catch_unwind
[INFO] [stderr]                at /rustc/af3c6e733a40e671550e0f0f5aeecaa13772ba56/library/std/src/panic.rs:382
[INFO] [stderr]         std::rt::lang_start_internal
[INFO] [stderr]                at /rustc/af3c6e733a40e671550e0f0f5aeecaa13772ba56/library/std/src/rt.rs:51
[INFO] [stderr]     11: std::rt::lang_start
[INFO] [stderr]                at /rustc/af3c6e733a40e671550e0f0f5aeecaa13772ba56/library/std/src/rt.rs:65
[INFO] [stderr]     12: main
[INFO] [stderr]     13: __libc_start_main
[INFO] [stderr]     14: _start
[INFO] [stderr]   ', /opt/rustwide/cargo-home/registry/src/github.com-1ecc6299db9ec823/torch-sys-0.1.7/build.rs:117:48
[INFO] [stderr]   stack backtrace:
[INFO] [stderr]      0:     0x5648eaef8200 - std::backtrace_rs::backtrace::libunwind::trace::h452faf99f32e7c93
[INFO] [stderr]                                  at /rustc/af3c6e733a40e671550e0f0f5aeecaa13772ba56/library/std/src/../../backtrace/src/backtrace/libunwind.rs:96
[INFO] [stderr]      1:     0x5648eaef8200 - std::backtrace_rs::backtrace::trace_unsynchronized::he40edc71437667a1
[INFO] [stderr]                                  at /rustc/af3c6e733a40e671550e0f0f5aeecaa13772ba56/library/std/src/../../backtrace/src/backtrace/mod.rs:66
[INFO] [stderr]      2:     0x5648eaef8200 - std::sys_common::backtrace::_print_fmt::h6c51d6ade71f46bf
[INFO] [stderr]                                  at /rustc/af3c6e733a40e671550e0f0f5aeecaa13772ba56/library/std/src/sys_common/backtrace.rs:79
[INFO] [stderr]      3:     0x5648eaef8200 - <std::sys_common::backtrace::_print::DisplayBacktrace as core::fmt::Display>::fmt::h3cd15d7003dec37a
[INFO] [stderr]                                  at /rustc/af3c6e733a40e671550e0f0f5aeecaa13772ba56/library/std/src/sys_common/backtrace.rs:58
[INFO] [stderr]      4:     0x5648eaf19a8c - core::fmt::write::h1857a60b204f1b6a
[INFO] [stderr]                                  at /rustc/af3c6e733a40e671550e0f0f5aeecaa13772ba56/library/core/src/fmt/mod.rs:1080
[INFO] [stderr]      5:     0x5648eaef4197 - std::io::Write::write_fmt::hac61caff894c35ae
[INFO] [stderr]                                  at /rustc/af3c6e733a40e671550e0f0f5aeecaa13772ba56/library/std/src/io/mod.rs:1517
[INFO] [stderr]      6:     0x5648eaefaba0 - std::sys_common::backtrace::_print::haa2f390fb7957e3e
[INFO] [stderr]                                  at /rustc/af3c6e733a40e671550e0f0f5aeecaa13772ba56/library/std/src/sys_common/backtrace.rs:61
[INFO] [stderr]      7:     0x5648eaefaba0 - std::sys_common::backtrace::print::h48c7cbbad9013bb1
[INFO] [stderr]                                  at /rustc/af3c6e733a40e671550e0f0f5aeecaa13772ba56/library/std/src/sys_common/backtrace.rs:48
[INFO] [stderr]      8:     0x5648eaefaba0 - std::panicking::default_hook::{{closure}}::h8b7ff05a31e71d55
[INFO] [stderr]                                  at /rustc/af3c6e733a40e671550e0f0f5aeecaa13772ba56/library/std/src/panicking.rs:208
[INFO] [stderr]      9:     0x5648eaefa8ec - std::panicking::default_hook::h2f00c78800d98e4c
[INFO] [stderr]                                  at /rustc/af3c6e733a40e671550e0f0f5aeecaa13772ba56/library/std/src/panicking.rs:227
[INFO] [stderr]     10:     0x5648eaefb203 - std::panicking::rust_panic_with_hook::h4eaa635e4694aef3
[INFO] [stderr]                                  at /rustc/af3c6e733a40e671550e0f0f5aeecaa13772ba56/library/std/src/panicking.rs:577
[INFO] [stderr]     11:     0x5648eaefadd9 - std::panicking::begin_panic_handler::{{closure}}::hec242f1b136b5ff2
[INFO] [stderr]                                  at /rustc/af3c6e733a40e671550e0f0f5aeecaa13772ba56/library/std/src/panicking.rs:484
[INFO] [stderr]     12:     0x5648eaef866c - std::sys_common::backtrace::__rust_end_short_backtrace::h1f3cc383ee6c0374
[INFO] [stderr]                                  at /rustc/af3c6e733a40e671550e0f0f5aeecaa13772ba56/library/std/src/sys_common/backtrace.rs:153
[INFO] [stderr]     13:     0x5648eaefad99 - rust_begin_unwind
[INFO] [stderr]                                  at /rustc/af3c6e733a40e671550e0f0f5aeecaa13772ba56/library/std/src/panicking.rs:483
[INFO] [stderr]     14:     0x5648eaf18db1 - core::panicking::panic_fmt::hb15d6f55e8472f62
[INFO] [stderr]                                  at /rustc/af3c6e733a40e671550e0f0f5aeecaa13772ba56/library/core/src/panicking.rs:85
[INFO] [stderr]     15:     0x5648eaf18bd3 - core::option::expect_none_failed::he492a18657d97593
[INFO] [stderr]                                  at /rustc/af3c6e733a40e671550e0f0f5aeecaa13772ba56/library/core/src/option.rs:1221
[INFO] [stderr]     16:     0x5648eacfabff - core::result::Result<T,E>::unwrap::h1a3023b98e5a7f65
[INFO] [stderr]                                  at /rustc/af3c6e733a40e671550e0f0f5aeecaa13772ba56/library/core/src/result.rs:973
[INFO] [stderr]     17:     0x5648eacf8c6b - build_script_build::prepare_libtorch_dir::h9f0547d5f1112ce7
[INFO] [stderr]                                  at /opt/rustwide/cargo-home/registry/src/github.com-1ecc6299db9ec823/torch-sys-0.1.7/build.rs:117
[INFO] [stderr]     18:     0x5648eacf9d64 - build_script_build::main::h14d3fe22d8ebdd01
[INFO] [stderr]                                  at /opt/rustwide/cargo-home/registry/src/github.com-1ecc6299db9ec823/torch-sys-0.1.7/build.rs:182
[INFO] [stderr]     19:     0x5648ead0894b - core::ops::function::FnOnce::call_once::h78a50d5d958fdf00
[INFO] [stderr]                                  at /rustc/af3c6e733a40e671550e0f0f5aeecaa13772ba56/library/core/src/ops/function.rs:227
[INFO] [stderr]     20:     0x5648eacfea7e - std::sys_common::backtrace::__rust_begin_short_backtrace::h8793541db0962a53
[INFO] [stderr]                                  at /rustc/af3c6e733a40e671550e0f0f5aeecaa13772ba56/library/std/src/sys_common/backtrace.rs:137
[INFO] [stderr]     21:     0x5648eacfde91 - std::rt::lang_start::{{closure}}::h55a11ffcfd478528
[INFO] [stderr]                                  at /rustc/af3c6e733a40e671550e0f0f5aeecaa13772ba56/library/std/src/rt.rs:66
[INFO] [stderr]     22:     0x5648eaefb6d1 - core::ops::function::impls::<impl core::ops::function::FnOnce<A> for &F>::call_once::hecc21eb9018cc197
[INFO] [stderr]                                  at /rustc/af3c6e733a40e671550e0f0f5aeecaa13772ba56/library/core/src/ops/function.rs:259
[INFO] [stderr]     23:     0x5648eaefb6d1 - std::panicking::try::do_call::h174ad655d084b5c7
[INFO] [stderr]                                  at /rustc/af3c6e733a40e671550e0f0f5aeecaa13772ba56/library/std/src/panicking.rs:381
[INFO] [stderr]     24:     0x5648eaefb6d1 - std::panicking::try::h479e6054ce28de10
[INFO] [stderr]                                  at /rustc/af3c6e733a40e671550e0f0f5aeecaa13772ba56/library/std/src/panicking.rs:345
[INFO] [stderr]     25:     0x5648eaefb6d1 - std::panic::catch_unwind::hb558ddea2b3e9c45
[INFO] [stderr]                                  at /rustc/af3c6e733a40e671550e0f0f5aeecaa13772ba56/library/std/src/panic.rs:382
[INFO] [stderr]     26:     0x5648eaefb6d1 - std::rt::lang_start_internal::h163149047f0a8b61
[INFO] [stderr]                                  at /rustc/af3c6e733a40e671550e0f0f5aeecaa13772ba56/library/std/src/rt.rs:51
[INFO] [stderr]     27:     0x5648eacfde67 - std::rt::lang_start::h1180215333c2abe5
[INFO] [stderr]                                  at /rustc/af3c6e733a40e671550e0f0f5aeecaa13772ba56/library/std/src/rt.rs:65
[INFO] [stderr]     28:     0x5648eacfa56a - main
[INFO] [stderr]     29:     0x7fdd1037f0b3 - __libc_start_main
[INFO] [stderr]     30:     0x5648eacf30fe - _start
[INFO] [stderr]     31:                0x0 - <unknown>
[INFO] [stderr] warning: build failed, waiting for other jobs to finish...
[INFO] [stderr] error: build failed
[INFO] running `Command { std: "docker" "inspect" "90305e466bad2a8e48a738a71fb71e7c4f02000604b755c0508a77e8ac8c3551", kill_on_drop: false }`
[INFO] running `Command { std: "docker" "rm" "-f" "90305e466bad2a8e48a738a71fb71e7c4f02000604b755c0508a77e8ac8c3551", kill_on_drop: false }`
[INFO] [stdout] 90305e466bad2a8e48a738a71fb71e7c4f02000604b755c0508a77e8ac8c3551
